{"id":19,"date":"2019-07-06T14:41:25","date_gmt":"2019-07-06T14:41:25","guid":{"rendered":"http:\/\/www.fidem.fi\/?page_id=19"},"modified":"2024-12-27T13:06:42","modified_gmt":"2024-12-27T13:06:42","slug":"vuokralaiselle","status":"publish","type":"page","link":"https:\/\/www.fidem.fi\/index.php\/vuokralaiselle\/","title":{"rendered":"Vuokralaiselle"},"content":{"rendered":"\t\t<div data-elementor-type=\"wp-post\" data-elementor-id=\"19\" class=\"elementor elementor-19\" data-elementor-settings=\"[]\">\n\t\t\t\t\t\t<div class=\"elementor-inner\">\n\t\t\t\t\t\t\t<div class=\"elementor-section-wrap\">\n\t\t\t\t\t\t\t<section class=\"elementor-section elementor-top-section elementor-element elementor-element-a2113df elementor-section-boxed elementor-section-height-default elementor-section-height-default\" data-id=\"a2113df\" data-element_type=\"section\">\n\t\t\t\t\t\t<div class=\"elementor-container elementor-column-gap-default\">\n\t\t\t\t\t\t\t<div class=\"elementor-row\">\n\t\t\t\t\t<div class=\"elementor-column elementor-col-100 elementor-top-column elementor-element elementor-element-13e3214\" data-id=\"13e3214\" data-element_type=\"column\">\n\t\t\t<div class=\"elementor-column-wrap\">\n\t\t\t\t\t\t\t<div class=\"elementor-widget-wrap\">\n\t\t\t\t\t\t\t\t<\/div>\n\t\t\t\t\t<\/div>\n\t\t<\/div>\n\t\t\t\t\t\t\t\t<\/div>\n\t\t\t\t\t<\/div>\n\t\t<\/section>\n\t\t\t\t<section class=\"elementor-section elementor-top-section elementor-element elementor-element-1fd9050 elementor-section-height-min-height elementor-section-items-stretch elementor-section-boxed elementor-section-height-default\" data-id=\"1fd9050\" data-element_type=\"section\" data-settings=\"{&quot;background_background&quot;:&quot;classic&quot;,&quot;shape_divider_bottom&quot;:&quot;opacity-fan&quot;}\">\n\t\t\t\t\t\t\t<div class=\"elementor-background-overlay\"><\/div>\n\t\t\t\t\t\t<div class=\"elementor-shape elementor-shape-bottom\" data-negative=\"false\">\n\t\t\t<svg xmlns=\"http:\/\/www.w3.org\/2000\/svg\" viewBox=\"0 0 283.5 19.6\" preserveAspectRatio=\"none\">\n\t<path class=\"elementor-shape-fill\" style=\"opacity:0.33\" d=\"M0 0L0 18.8 141.8 4.1 283.5 18.8 283.5 0z\"\/>\n\t<path class=\"elementor-shape-fill\" style=\"opacity:0.33\" d=\"M0 0L0 12.6 141.8 4 283.5 12.6 283.5 0z\"\/>\n\t<path class=\"elementor-shape-fill\" style=\"opacity:0.33\" d=\"M0 0L0 6.4 141.8 4 283.5 6.4 283.5 0z\"\/>\n\t<path class=\"elementor-shape-fill\" d=\"M0 0L0 1.2 141.8 4 283.5 1.2 283.5 0z\"\/>\n<\/svg>\t\t<\/div>\n\t\t\t\t\t<div class=\"elementor-container elementor-column-gap-default\">\n\t\t\t\t\t\t\t<div class=\"elementor-row\">\n\t\t\t\t\t<div class=\"elementor-column elementor-col-100 elementor-top-column elementor-element elementor-element-6d658262\" data-id=\"6d658262\" data-element_type=\"column\">\n\t\t\t<div class=\"elementor-column-wrap elementor-element-populated\">\n\t\t\t\t\t\t\t<div class=\"elementor-widget-wrap\">\n\t\t\t\t\t\t<div class=\"elementor-element elementor-element-15adba98 elementor-widget elementor-widget-heading\" data-id=\"15adba98\" data-element_type=\"widget\" data-widget_type=\"heading.default\">\n\t\t\t\t<div class=\"elementor-widget-container\">\n\t\t\t<h2 class=\"elementor-heading-title elementor-size-default\">FIDEM OY<\/h2>\t\t<\/div>\n\t\t\t\t<\/div>\n\t\t\t\t<div class=\"elementor-element elementor-element-1bed4487 elementor-widget elementor-widget-heading\" data-id=\"1bed4487\" data-element_type=\"widget\" data-widget_type=\"heading.default\">\n\t\t\t\t<div class=\"elementor-widget-container\">\n\t\t\t<h2 class=\"elementor-heading-title elementor-size-default\">VUOKRALAISELLE<\/h2>\t\t<\/div>\n\t\t\t\t<\/div>\n\t\t\t\t<div class=\"elementor-element elementor-element-52939d13 elementor-align-center elementor-widget elementor-widget-button\" data-id=\"52939d13\" data-element_type=\"widget\" data-widget_type=\"button.default\">\n\t\t\t\t<div class=\"elementor-widget-container\">\n\t\t\t\t\t<div class=\"elementor-button-wrapper\">\n\t\t\t<a href=\"http:\/\/www.fidem.fi\/index.php\/yhteystiedot\" class=\"elementor-button-link elementor-button elementor-size-sm\" role=\"button\">\n\t\t\t\t\t\t<span class=\"elementor-button-content-wrapper\">\n\t\t\t\t\t\t<span class=\"elementor-button-text\">OTA YHTEYTT\u00c4<\/span>\n\t\t<\/span>\n\t\t\t\t\t<\/a>\n\t\t<\/div>\n\t\t\t\t<\/div>\n\t\t\t\t<\/div>\n\t\t\t\t\t\t<\/div>\n\t\t\t\t\t<\/div>\n\t\t<\/div>\n\t\t\t\t\t\t\t\t<\/div>\n\t\t\t\t\t<\/div>\n\t\t<\/section>\n\t\t\t\t<section class=\"elementor-section elementor-top-section elementor-element elementor-element-9cdeca3 elementor-section-content-middle elementor-reverse-mobile elementor-section-boxed elementor-section-height-default elementor-section-height-default\" data-id=\"9cdeca3\" data-element_type=\"section\" data-settings=\"{&quot;background_background&quot;:&quot;classic&quot;}\">\n\t\t\t\t\t\t<div class=\"elementor-container elementor-column-gap-default\">\n\t\t\t\t\t\t\t<div class=\"elementor-row\">\n\t\t\t\t\t<div class=\"elementor-column elementor-col-100 elementor-top-column elementor-element elementor-element-4c197731\" data-id=\"4c197731\" data-element_type=\"column\">\n\t\t\t<div class=\"elementor-column-wrap elementor-element-populated\">\n\t\t\t\t\t\t\t<div class=\"elementor-widget-wrap\">\n\t\t\t\t\t\t<div class=\"elementor-element elementor-element-56c4f09e elementor-widget elementor-widget-heading\" data-id=\"56c4f09e\" data-element_type=\"widget\" data-widget_type=\"heading.default\">\n\t\t\t\t<div class=\"elementor-widget-container\">\n\t\t\t<h3 class=\"elementor-heading-title elementor-size-default\">Vuokralaiselle - Asunnon etsij\u00e4lle<\/h3>\t\t<\/div>\n\t\t\t\t<\/div>\n\t\t\t\t<div class=\"elementor-element elementor-element-46efde9d elementor-widget elementor-widget-text-editor\" data-id=\"46efde9d\" data-element_type=\"widget\" data-widget_type=\"text-editor.default\">\n\t\t\t\t<div class=\"elementor-widget-container\">\n\t\t\t\t\t<div class=\"elementor-text-editor elementor-clearfix\"><p>Ilmoitamme kaikki kohteemme Oikotiell\u00e4, ja tarvittaessa saat lis\u00e4tietoja ottamalla meihin yhteytt\u00e4 s\u00e4hk\u00f6postilla tai puhelimitse.<\/p><p>Kun olet l\u00f6yt\u00e4nyt mieleisesi asunnon, ota meihin yhteytt\u00e4 Oikotien ilmoituksen lomakkeella.<\/p><p>Toivomme sinun antavan jo t\u00e4ss\u00e4 vaiheessa itsest\u00e4si ilmoituksessa pyydetyt perustiedot.<\/p><p>Ilmoitamme sinulle esittelyajan niin pian kuin mahdollista!<\/p><p>Voit t\u00e4ytt\u00e4\u00e4 vuokralaistietolomakkeen jo ennakkoon ja antaa sen meille esittelyss\u00e4, jos asunto miellytt\u00e4\u00e4 sinua.<\/p><\/div>\n\t\t\t\t<\/div>\n\t\t\t\t<\/div>\n\t\t\t\t<div class=\"elementor-element elementor-element-c0f045f elementor-align-center elementor-mobile-align-center elementor-widget elementor-widget-button\" data-id=\"c0f045f\" data-element_type=\"widget\" data-widget_type=\"button.default\">\n\t\t\t\t<div class=\"elementor-widget-container\">\n\t\t\t\t\t<div class=\"elementor-button-wrapper\">\n\t\t\t<a href=\"https:\/\/forms.office.com\/r\/YiTKAzWwpM\" target=\"_blank\" class=\"elementor-button-link elementor-button elementor-size-sm\" role=\"button\">\n\t\t\t\t\t\t<span class=\"elementor-button-content-wrapper\">\n\t\t\t\t\t\t<span class=\"elementor-button-text\">T\u00e4yt\u00e4 vuokralaistietolomake<\/span>\n\t\t<\/span>\n\t\t\t\t\t<\/a>\n\t\t<\/div>\n\t\t\t\t<\/div>\n\t\t\t\t<\/div>\n\t\t\t\t<div class=\"elementor-element elementor-element-3dd166fe elementor-align-center elementor-mobile-align-center elementor-widget elementor-widget-button\" data-id=\"3dd166fe\" data-element_type=\"widget\" data-widget_type=\"button.default\">\n\t\t\t\t<div class=\"elementor-widget-container\">\n\t\t\t\t\t<div class=\"elementor-button-wrapper\">\n\t\t\t<a href=\"https:\/\/asunnot.oikotie.fi\/yritys\/fidem-oy-13973773\" target=\"_blank\" class=\"elementor-button-link elementor-button elementor-size-sm\" role=\"button\">\n\t\t\t\t\t\t<span class=\"elementor-button-content-wrapper\">\n\t\t\t\t\t\t<span class=\"elementor-button-text\">Katso kohteet Oikotielt\u00e4<\/span>\n\t\t<\/span>\n\t\t\t\t\t<\/a>\n\t\t<\/div>\n\t\t\t\t<\/div>\n\t\t\t\t<\/div>\n\t\t\t\t<div class=\"elementor-element elementor-element-a1f55c6 elementor-align-center elementor-mobile-align-center elementor-widget elementor-widget-button\" data-id=\"a1f55c6\" data-element_type=\"widget\" data-widget_type=\"button.default\">\n\t\t\t\t<div class=\"elementor-widget-container\">\n\t\t\t\t\t<div class=\"elementor-button-wrapper\">\n\t\t\t<a href=\"http:\/\/www.fidem.fi\/index.php\/\" class=\"elementor-button-link elementor-button elementor-size-sm\" role=\"button\">\n\t\t\t\t\t\t<span class=\"elementor-button-content-wrapper\">\n\t\t\t\t\t\t<span class=\"elementor-button-text\">Takaisin etusivulle<\/span>\n\t\t<\/span>\n\t\t\t\t\t<\/a>\n\t\t<\/div>\n\t\t\t\t<\/div>\n\t\t\t\t<\/div>\n\t\t\t\t\t\t<\/div>\n\t\t\t\t\t<\/div>\n\t\t<\/div>\n\t\t\t\t\t\t\t\t<\/div>\n\t\t\t\t\t<\/div>\n\t\t<\/section>\n\t\t\t\t\t\t<\/div>\n\t\t\t\t\t\t<\/div>\n\t\t\t\t\t<\/div>\n\t\t","protected":false},"excerpt":{"rendered":"<p>FIDEM OY VUOKRALAISELLE OTA YHTEYTT\u00c4 Vuokralaiselle &#8211; Asunnon etsij\u00e4lle Ilmoitamme kaikki kohteemme Oikotiell\u00e4, ja tarvittaessa saat lis\u00e4tietoja ottamalla meihin yhteytt\u00e4 s\u00e4hk\u00f6postilla tai puhelimitse. Kun olet l\u00f6yt\u00e4nyt mieleisesi asunnon, ota meihin yhteytt\u00e4 Oikotien ilmoituksen lomakkeella. Toivomme sinun antavan jo t\u00e4ss\u00e4 vaiheessa itsest\u00e4si ilmoituksessa pyydetyt perustiedot. Ilmoitamme sinulle esittelyajan niin pian kuin mahdollista! Voit t\u00e4ytt\u00e4\u00e4 vuokralaistietolomakkeen jo [&hellip;]<\/p>\n","protected":false},"author":1,"featured_media":0,"parent":0,"menu_order":0,"comment_status":"closed","ping_status":"closed","template":"","meta":{"footnotes":""},"class_list":["post-19","page","type-page","status-publish","hentry","entry"],"yoast_head":"<!-- This site is optimized with the Yoast SEO plugin v15.3 - https:\/\/yoast.com\/wordpress\/plugins\/seo\/ -->\n<title>Vuokralaiselle - Fidem Oy<\/title>\n<meta name=\"robots\" content=\"index, follow, max-snippet:-1, max-image-preview:large, max-video-preview:-1\" \/>\n<link rel=\"canonical\" href=\"http:\/\/www.fidem.fi\/index.php\/vuokralaiselle\/\" \/>\n<meta property=\"og:locale\" content=\"en_US\" \/>\n<meta property=\"og:type\" content=\"article\" \/>\n<meta property=\"og:title\" content=\"Vuokralaiselle - Fidem Oy\" \/>\n<meta property=\"og:description\" content=\"FIDEM OY VUOKRALAISELLE OTA YHTEYTT\u00c4 Vuokralaiselle &#8211; Asunnon etsij\u00e4lle Ilmoitamme kaikki kohteemme Oikotiell\u00e4, ja tarvittaessa saat lis\u00e4tietoja ottamalla meihin yhteytt\u00e4 s\u00e4hk\u00f6postilla tai puhelimitse. Kun olet l\u00f6yt\u00e4nyt mieleisesi asunnon, ota meihin yhteytt\u00e4 Oikotien ilmoituksen lomakkeella. Toivomme sinun antavan jo t\u00e4ss\u00e4 vaiheessa itsest\u00e4si ilmoituksessa pyydetyt perustiedot. Ilmoitamme sinulle esittelyajan niin pian kuin mahdollista! Voit t\u00e4ytt\u00e4\u00e4 vuokralaistietolomakkeen jo [&hellip;]\" \/>\n<meta property=\"og:url\" content=\"http:\/\/www.fidem.fi\/index.php\/vuokralaiselle\/\" \/>\n<meta property=\"og:site_name\" content=\"Fidem Oy\" \/>\n<meta property=\"article:modified_time\" content=\"2024-12-27T13:06:42+00:00\" \/>\n<meta name=\"twitter:card\" content=\"summary_large_image\" \/>\n<meta name=\"twitter:label1\" content=\"Written by\">\n\t<meta name=\"twitter:data1\" content=\"admin9090\">\n\t<meta name=\"twitter:label2\" content=\"Est. reading time\">\n\t<meta name=\"twitter:data2\" content=\"0 minutes\">\n<script type=\"application\/ld+json\" class=\"yoast-schema-graph\">{\"@context\":\"https:\/\/schema.org\",\"@graph\":[{\"@type\":\"WebSite\",\"@id\":\"https:\/\/www.fidem.fi\/#website\",\"url\":\"https:\/\/www.fidem.fi\/\",\"name\":\"Fidem Oy\",\"description\":\"Vuokrav\\u00e4lityst\\u00e4 ammattitaidolla!\",\"potentialAction\":[{\"@type\":\"SearchAction\",\"target\":\"https:\/\/www.fidem.fi\/?s={search_term_string}\",\"query-input\":\"required name=search_term_string\"}],\"inLanguage\":\"en-US\"},{\"@type\":\"WebPage\",\"@id\":\"http:\/\/www.fidem.fi\/index.php\/vuokralaiselle\/#webpage\",\"url\":\"http:\/\/www.fidem.fi\/index.php\/vuokralaiselle\/\",\"name\":\"Vuokralaiselle - Fidem Oy\",\"isPartOf\":{\"@id\":\"https:\/\/www.fidem.fi\/#website\"},\"datePublished\":\"2019-07-06T14:41:25+00:00\",\"dateModified\":\"2024-12-27T13:06:42+00:00\",\"inLanguage\":\"en-US\",\"potentialAction\":[{\"@type\":\"ReadAction\",\"target\":[\"http:\/\/www.fidem.fi\/index.php\/vuokralaiselle\/\"]}]}]}<\/script>\n<!-- \/ Yoast SEO plugin. -->","_links":{"self":[{"href":"https:\/\/www.fidem.fi\/index.php\/wp-json\/wp\/v2\/pages\/19","targetHints":{"allow":["GET"]}}],"collection":[{"href":"https:\/\/www.fidem.fi\/index.php\/wp-json\/wp\/v2\/pages"}],"about":[{"href":"https:\/\/www.fidem.fi\/index.php\/wp-json\/wp\/v2\/types\/page"}],"author":[{"embeddable":true,"href":"https:\/\/www.fidem.fi\/index.php\/wp-json\/wp\/v2\/users\/1"}],"replies":[{"embeddable":true,"href":"https:\/\/www.fidem.fi\/index.php\/wp-json\/wp\/v2\/comments?post=19"}],"version-history":[{"count":43,"href":"https:\/\/www.fidem.fi\/index.php\/wp-json\/wp\/v2\/pages\/19\/revisions"}],"predecessor-version":[{"id":382,"href":"https:\/\/www.fidem.fi\/index.php\/wp-json\/wp\/v2\/pages\/19\/revisions\/382"}],"wp:attachment":[{"href":"https:\/\/www.fidem.fi\/index.php\/wp-json\/wp\/v2\/media?parent=19"}],"curies":[{"name":"wp","href":"https:\/\/api.w.org\/{rel}","templated":true}]}}